rime factors of j.
7, 47
Let b(f) = -f**3 + 8*f**2 - 2*f - 1. Let j be b(7). Let r = -62 + 43. Let g = r + j. What are the prime factors of g?
3, 5
Suppose -3253 - 3887 = -14*r. List the prime factors of r.
2, 3, 5, 17
Suppose 233*v - 235*v + 688 = 0. What are the prime factors of v?
2, 43
Suppose 413 = 4*q - m, -q - 2*m = 3*q - 398. Suppose 0 = -8*h + 11*h - q. List the prime factors of h.
2, 17
Let o = -165 + 736. List the prime factors of o.
571
Suppose 5*i = 15 + 35. Suppose -d + 2*b + i = 0, -3*d + 2*b + 3*b = -29. Suppose 110 = d*p - 3*p. What are the prime factors of p?
2, 11
Let r(g) = 8*g - 13. Let m be r(11). Suppose -4*a + 4*z = 60, 5*a - z + m = -3*z. Let s = a - -25. List the prime factors of s.
2, 5
Let x be 4*6/132 + 40/22. Let g(r) = 48*r - 6. What are the prime factors of g(x)?
2, 3, 5
Let z = 462 - 202. Let o = 130 - 130. Suppose 5*g + o = z. What are the prime factors of g?
2, 13
Let n(r) be the second derivative of r**4/6 + 5*r**3/6 + 4*r**2 - 34*r. What are the prime factors of n(9)?
5, 43
Let w be (-1270)/(-8) - 33/44. What are the prime factors of ((-36)/(-8) + -4)*w?
79
Let g(d) be the third derivative of d**5/60 + d**4/24 + 11*d**3/6 + d**2. List the prime factors of g(8).
83
Let x = 2 + 2. Suppose x*y = 3*j + 240, -j + 6*j - 60 = -y. What are the prime factors of y?
2, 3, 5
Let l(v) = 312*v + 128. What are the prime factors of l(4)?
2, 43
List the prime factors of (6 - 0) + 58 + 0.
2
Suppose -5*z = h - 3, -9 = -7*h + 4*h + 4*z. Suppose i - r - 237 = -2*r, h*i - 710 = -4*r. What are the prime factors of 4/18 - i/(-63)?
2
Suppose 0 = 5*d - 4*f - 2726, -9*f + 4*f + 551 = d. List the prime factors of d.
2, 3, 7, 13
Let m = -108 + 110. Suppose 5*t = -2*j - 3, -4*j + 5*t + m + 37 = 0. List the prime factors of j.
2, 3
Let l(u) = -u**3 - 12*u**2 + 22*u - 25. What are the prime factors of l(-14)?
59
Let f = -21 - -26. Suppose -5*j - 50 = -f*k, k + 9 + 1 = -4*j. Let i = 15 + k. What are the prime factors of i?
3, 7
Suppose -24522 = 56*v - 64450. List the prime factors of v.
23, 31
Let v(w) = w**3 - 15*w**2 + 22*w + 6. List the prime factors of v(17).
2, 479
Let f = -42 + 74. Let m = f - 22. List the prime factors of m.
2, 5
Let o be (-1)/2 + 25/10. Suppose x - 4 - 12 = 0. Suppose x = o*t - 18. What are the prime factors of t?
17
Let n(g) = -g**3 - g**2 + 2. Let c be n(-2). Let j(m) = 2*m - 2*m + 2 - c*m. List the prime factors of j(-6).
2, 19
Suppose -1974 = -2*p + 3*s, 100*p - 994 = 99*p + 5*s. List the prime factors of p.
2, 3, 41
Let b be 1 + -5*(-1 - 0). Let x(f) = 6*f - 8. Let s be x(5). Suppose -s = -8*g + b*g. List the prime factors of g.
11
What are the prime factors of ((-1817)/(-2))/(-3*(-7)/42)?
23, 79
Suppose 0*y = 2*y. Suppose y = -4*b + 2*t + 164, 0 = 4*b - 4*t - 19 - 145. List the prime factors of b.
41
Suppose -17*a + 47*a = 55890. List the prime factors of a.
3, 23
Let d(m) = m**3 - 3*m**2 - 4. Let s be d(6). What are the prime factors of (-9)/6*s/(-3)?
2, 13
Suppose 0 = -4*h - h + 3660. List the prime factors of h.
2, 3, 61
Let h = -36 - -18. List the prime factors of ((-524)/6)/(h/27).
131
Suppose 4*p = 4*r + 32, 0*p = 5*r + 2*p + 12. Let d be 25 - (-6 - r/1). Suppose 2*w - 40 = v, -w + 7*v = 3*v - d. What are the prime factors of w?
19
Let a = 45 - 41. Suppose 2*s - 11 + 5 = 0, 30 = 2*u + 2*s. Let q = a + u. List the prime factors of q.
2
Let q be (-10)/4*(-84)/30. List the prime factors of 0 - (1 - q)*1.
2, 3
Suppose -51*g = -67*g + 27168. What are the prime factors of g?
2, 3, 283
Suppose 0 = 28*t - t - 13716. List the prime factors of t.
2, 127
Let s(g) = -4*g**3 - g**2 + g - 13. Let t be s(-5). Let i = 661 - t. What are the prime factors of i?
2, 3, 17
Let i = 324 - -54. List the prime factors of i.
2, 3, 7
Let z(n) = -60*n + 114. Let c(x) = 12*x - 23. Let s(m) = -16*c(m) - 3*z(m). List the prime factors of s(-12).
2, 5, 17
Let f(r) = -1 - 4*r**2 + 7*r + 5*r**2 + 0 - 2*r**2. Let y be f(7). Let i(q) = -28*q**3 + 1. List the prime factors of i(y).
29
Let f be 2/4*(-2 - 2). Let x(b) = -5*b**2 - 2*b - 2. Let u be x(f). What are the prime factors of -3*1/(2/u)?
3
Let a be (-12)/9*(-12)/8. Suppose a*d - 6 + 2 = 0. What are the prime factors of (d - (2 + 17))/(-1)?
17
Suppose 6*u - 13848 = -1962. What are the prime factors of u?
7, 283
Let q(n) = n**2 + n - 8. Let h be q(-4). Let k(z) = 4*z - 9. List the prime factors of k(h).
7
Let f be -9*(-3 - (-39)/9). List the prime factors of (-502)/(-8) - 3/f.
3, 7
Suppose -2*h - 3*g = -6927, -20*h + 18*h + 2*g + 6922 = 0. List the prime factors of h.
2, 3, 577
Suppose 11*c + 15*c = 27378. List the prime factors of c.
3, 13
Suppose -5*z - 10 = -0*z. What are the prime factors of ((-12)/z)/((-908)/(-180) + -5)?
3, 5
Suppose 3*z - 30 = -5*p, 3*p + 3*z = p + 12. Suppose p*c - 16*c = -1540. What are the prime factors of c?
2, 7, 11
Let a(p) be the second derivative of p**4/12 - p**2 - 6*p. Let v be a(-7). Let i = -9 + v. List the prime factors of i.
2, 19
Suppose 0 = -0*b + 2*b - 16. Let h = -3 + b. Suppose 24 + 31 = h*i. What are the prime factors of i?
11
Suppose -3*n + 8 = -5*n, 3*n + 60 = -4*p. Let d = 7 + 7. Let c = p + d. List the prime factors of c.
2
List the prime factors of 6/27 - 9/((-162)/41990).
2333
Let i be 11/((-4 - 0)/(-60)). Suppose -i = -4*d - 3*c, 5*d - 3*c - 60 = 4*d. What are the prime factors of d?
3, 5
Suppose 2*a - 22 = 28. Let t = a + -23. List the prime factors of t.
2
Let m(w) = w + 4. Let l be m(4). Suppose -3*j - 4*r + 3*r + l = 0, 0 = 2*j + 3*r - 10. Suppose n = j*n - 27. What are the prime factors of n?
3
Let n(j) = -3*j - 8. Suppose 5*k = -3*t - 78, 7*k - 2*k + 99 = -4*t. List the prime factors of n(t).
5, 11
Suppose 1150 = 5*f - 4*j, -5*f + j = -2*f - 683. What are the prime factors of f?
2, 113
Let k be 14 + -12 + 30 + 0. Let i be k - (1 + 1)*-1. Let a = -1 + i. What are the prime factors of a?
3, 11
Suppose -s = -4*i - 4303, 4*s + 0*s = 3*i + 17212. What are the prime factors of s?
13, 331
Suppose -4049 = -l - 5*v, 102*l + 2*v - 20245 = 97*l. List the prime factors of l.
4049
Let w be 2*(1 + 1/(-2) + -1). List the prime factors of w/3*-3 - -111.
2, 7
Suppose 0 = 2*k + 4*m - 292, -5*m + 6 = -2*m. List the prime factors of -1 - (3 - 1 - k).
139
Let q(v) = -12*v**3 + v**2 + 2*v - 3. Let y be q(2). Let s = 188 + y. Suppose -2*m = m + z - s, 4*m - 131 = -3*z. List the prime factors of m.
2
Suppose -454 = -j - 4*y + 8*y, -5*y = 2*j - 934. What are the prime factors of j?
2, 3, 7, 11
Let n(j) = 3 - 15*j - 6 + 2*j**2 + 3*j + 2. What are the prime factors of n(-5)?
109
Let k = -25 + 412. Let m = k - 125. Suppose z + m - 10 = 4*y, y + 5*z - 63 = 0. What are the prime factors of y?
3, 7
Let s = -1839 - -3411. List the prime factors of s.
2, 3, 131
Suppose 18*h - 14*h = 56. Suppose -2*v = 5*s - 127, -v + h + 47 = 5*s. What are the prime factors of v?
2, 3, 11
Let n = 19 - 5. What are the prime factors of 2936/n + 4/14?
2, 3, 5, 7
Let s = 164 - -1984. List the prime factors of s.
2, 3, 179
Let b(t) be the first derivative of 9*t**4/4 + t**3 - t**2/2 + t + 24. List the prime factors of b(2).
83
Let t be -3 + (3 - 0) + 2. Suppose -3*x - 372 = -4*p, t*x + 164 = 2*p + 6*x. What are the prime factors of p?
2, 3, 5
Let b(a) = -2*a**3 + 16*a**2 - 1. Let n be b(8). List the prime factors of 43 + -14 + n/1.
2, 7
Suppose -2*b + 0*b + 96 = 0. Let x = -29 + b. List the prime factors of x.
19
Suppose -25*r = -11*r - 21476. List the prime factors of r.
2, 13, 59
Suppose 5*u = u + 20. Let g = u - -21. What are the prime factors of g?
2, 13
Let f = 1275 - 114. What are the prime factors of f?
3, 43
Suppose 0 = -33*c + 35*c + 348. Let f = c + 322. List the prime factors of f.
2, 37
Suppose -4*v - 4067 = 3*d - 17588, -18018 = -4*d - 2*v. What are the prime factors of d?
3, 19, 79
Suppose 4*b - 4*w = w - 12, w = 4. List the prime factors of b/5 + 918/30.
31
Let k(b) = b**2 + 4*b - 16. Let v be k(-9). Let i = v - 41. List the prime factors of (-2)/(-6) - 416/i.
5, 7
Let y be ((-5)/(1 - 2))/1. Suppose 4*z + y*w = 4*w + 9, -3*z + 4*w = -21. Suppose -98 = -3*g + z*n - 4*n, -2*g - 2*n = -60. List the prime factors of g.
2, 17
Let r be (2160/7)/2 + 6/(-21). Suppose -4*c = 4*u + 4, 3*c - 1 = 2*u - 14. Suppose 46 - r = -u*t. List the prime factors of t.
2, 3
Let m = 68 + -